= 5*z + 5*b. Let p(k) = -k + 11. Determine p(z).
0
Let x(j) = 7*j**2 - 1. Let p(s) = -8*s**2 + s. Let d(c) = 6*p(c) + 7*x(c). Let h(l) be the first derivative of d(l). Give h(-4).
-2
Let p(c) = -1 - 6*c + 2*c**3 + 1 - 5*c**2 - c**3. Suppose 2*b - b - 8 = k, -3*b + 2*k = -22. Determine p(b).
0
Let w(p) = -4*p**3 + 3*p**2 - 7*p - 2. Let n(t) = t**3 - t**2 + t + 1. Let a(h) = -5*n(h) - w(h). Determine a(2).
1
Let w(a) = -a**2 + 2*a. Let n = -41 - -39. What is w(n)?
-8
Let y(r) = r**2 + 1. Let u(s) = 7*s**2 + 2*s + 5. Let d(n) = u(n) - 6*y(n). Let m(p) = p**3 - 8*p**2 + 7. Let q be m(8). Suppose 3*t = 1 - q. Determine d(t).
-1
Let u(l) be the third derivative of l**6/120 + l**4/24 - l**3 + 2*l**2. Let f be ((3 - 0) + -3)/(-2). What is u(f)?
-6
Let v = 1 - -2. Let w(x) = -x**3 + 4*x**2 - 5*x + 2. Calculate w(v).
-4
Let q be ((-15)/10)/((-3)/14). Let t(l) = l**2 - 2*l - 10. Give t(q).
25
Let z(a) be the third derivative of a**5/15 + a**4/12 - 10*a**2. What is z(-2)?
12
Let q(m) = 2*m + 9. Let b be q(-6). Let l(o) be the third derivative of 4*o**2 + 0 + 0*o + 1/2*o**3 + 1/24*o**4. What is l(b)?
0
Let u(b) = -2*b**2 - 2*b + 2. Suppose 5*w + 3 - 33 = 0. Suppose -16 = -2*n - 5*x, n = -0*n - 2*x + w. Determine u(n).
-2
Let i(d) be the third derivative of d**5/60 - d**4/4 - 5*d**3/6 - 26*d**2. Calculate i(7).
2
Let t(m) be the second derivative of -1/2*m**2 - 1/2*m**3 - 1/12*m**4 + 3*m + 0. Give t(-2).
1
Let o be (12/(-9))/((-4)/54). Let p be 3/(-3 + o/4). Let l(h) = 0*h**2 + h**2 - 2*h**2 + 2. Calculate l(p).
-2
Let n(g) = -g**2 + 15*g + 4. Let o be n(15). Let s(a) = a**2 - 7*a + 6. What is s(o)?
-6
Let x(l) = -l**3 + 6*l**2 - 5*l. Let n be 5*(1 - (4 + -4)). Give x(n).
0
Let p(w) = -w**3 - w + 1. Let q(s) = 5*s**3 + 4*s - 3. Let d(u) = -4*p(u) - q(u). Give d(-1).
0
Let r(i) = -6*i**2 - 5*i + 4. Let j(o) be the third derivative of -7*o**5/60 - 5*o**4/24 + 2*o**3/3 - 2*o**2. Let n(m) = -4*j(m) + 5*r(m). Give n(-4).
-8
Suppose 5*c - 3*c - 4 = 0. Let r be 22/8 - 1/(-4). Let z(y) = 0*y - y**2 - r*y + y. What is z(c)?
-8
Let t be (3 + 3 - 4) + 5. Let r(c) = -c**2 + 8*c - 1. Determine r(t).
6
Let h(w) = w + 5. Let a be h(0). Let j(z) = -z**2 + 4*z - 3. Give j(a).
-8
Let s(t) = t + 8. Let y be 0 + -2 - (-3 + 7). Determine s(y).
2
Let a(n) = -n**3 - 7*n**2 - 2*n + 10. Let g(s) = 2*s**3 + 7*s**2 + 3*s - 11. Let l(m) = 3*a(m) + 2*g(m). Give l(7).
8
Suppose -3*n - 7 = -4. Let l(j) = -1. Let c(t) = t. Let z be c(2). Let u(g) = -5*g**2 - g - 2. Let d(a) = z*l(a) - u(a). What is d(n)?
4
Let v(b) be the first derivative of -b**3/3 + b**2/2 - 1. Let r = 0 - 0. Calculate v(r).
0
Let i(y) = -2 + 2*y + 5*y - 3*y - 6*y. Calculate i(4).
-10
Let k(m) = m**3 + 3*m**2 + 4*m. Let u(w) = -w**3 - w**2 - w. Let c(h) = k(h) + 5*u(h). Give c(-1).
3
Let m(l) = 2*l**2 + 7 + 0*l**2 - l**2 + 5*l. Suppose 3*y + 11 = -3*g - 22, 17 = -2*g - y. Determine m(g).
13
Suppose 2*b + 0 = 4. Let h(n) = n**b + 4*n + 2 - 1 + 0. What is h(-4)?
1
Let k(q) be the second derivative of -q**3/6 - 2*q. Let t(n) = -n**3 - n**2 - n - 4. Let y be t(0). Determine k(y).
4
Let i(h) = -2*h**3 + 2*h**2 - 11*h - 11. Let b(y) = y**3 + y**2 + y + 1. Let x(r) = -3*b(r) - i(r). Let d be x(-6). Let m(k) = -k + 3. What is m(d)?
7
Let k(g) = -2*g + 4. Let m(j) = -5*j + 7. Let q(v) = 7*k(v) - 3*m(v). What is q(-6)?
1
Let k(t) = 8 - t + 8*t - 5*t - t. Give k(-8).
0
Let h(p) = -p**3 + 3*p**2 + 4*p + 5. Let w be h(4). Suppose -25 = w*u, 5*v = -0*u - u - 15. Let b(a) = a**3 - a - 1. Determine b(v).
-7
Let p(k) = -5*k**2 + 2*k - 1. Let j(r) = -6*r**2 - 3*r**2 - 2 + 0 + 5*r. Suppose -2*a = a - 6. Let z(l) = a*j(l) - 5*p(l). Give z(-1).
8
Suppose 2*t = -3*t + 5*f + 15, 4*f = -5*t + 6. Suppose -3 = -t*s + 3. Suppose -2 = s*i - 5. Let o(b) = 8*b**2 - b. Determine o(i).
7
Let b(z) be the first derivative of z**3 - z**2 - 4*z - 1. Let x(t) = 4*t**2 - 3*t - 5. Let r(i) = 3*b(i) - 2*x(i). Let l be (-1 + 0)*(4 - 3) - 2. What is r(l)?
7
Let s = -14 - -9. Let l(d) be the second derivative of -d**3/2 - 7*d**2/2 + 12*d. Determine l(s).
8
Let h(f) = 2*f. Let l(m) = m**2 - 9*m + 5. Let q be l(8). Calculate h(q).
-6
Let i(h) = -h**2 - h + 3. Let s(r) = 5*r - 1. Let n be s(-1). Let m be (3/(-2))/(3/(-4)). Let z be ((-9)/n - m)*6. Calculate i(z).
-3
Let w(p) = -8 + 2*p**2 + 0*p**3 - 3*p**2 + p**3 + 3. Determine w(0).
-5
Suppose -4*h = -20, -5*w - 4*h - 13 = -3. Let z(u) be the first derivative of u**4/4 + 2*u**3 - u**2/2 - 6*u - 9. What is z(w)?
0
Let o(l) = l**2 + 13*l + 7. Let y be o(-12). Let k(a) = 3*a + 7. Give k(y).
-8
Let b(s) be the third derivative of -s**4/24 - s**3/2 - 10*s**2. Calculate b(-6).
3
Let p(u) be the third derivative of -u**6/120 - u**5/30 + u**3/3 + 7*u**2. Determine p(-2).
2
Let p(t) = -t**3 + t**2 - t - 2. Let k(x) = -x**3 + 4*x**2 - x. Let y be k(3). Suppose 2*d = y*d. Determine p(d).
-2
Let q be 1/(-2)*2/(-1). Let n(x) = -3*x + 2 - q + 0*x + x**2 + 2. Give n(3).
3
Let v(o) be the third derivative of -7*o**5/60 + o**4/24 - o**3/6 + 4*o**2. Calculate v(1).
-7
Suppose -4*w - 26 + 62 = 0. Let l(k) = k**3 - 10*k**2 + 9*k - 6. Give l(w).
-6
Suppose -3*h - 2*x = -5*h - 12, 0 = -2*x + 6. Let c(g) be the second derivative of g**5/20 + g**4/3 + g**3/2 - 3*g**2/2 + g. Determine c(h).
-3
Let k(d) = -d**3 - d**2 - d + 1. Suppose -7 = -2*a + 3*m + 3, -4*a = 4*m. Let h(p) = p**3 + p**2 + 3*p - 7. Let r(q) = a*k(q) + h(q). Calculate r(0).
-5
Suppose 5*y + 1 + 0 = -2*d, 3*y - 4*d = -11. Let t = y - -4. Let n(j) = t*j - 7*j - j - j. Calculate n(-1).
6
Suppose 3*f = -0 - 18. Let o = 11 + -5. Let d(m) = 4 - 5 - 5*m**2 + 3*m**3 + 3 - 4*m**3 + o*m. Calculate d(f).
2
Let r(b) = b**3 - b - 5. Let g be r(0). Let f be (g + 2)/(6/8). Let i(y) be the third derivative of y**4/24 + 7*y**3/6 - 2*y**2. Determine i(f).
3
Let h(c) be the second derivative of -c**7/840 + c**6/360 + c**5/120 - 11*c**4/24 + c**3/3 - 3*c. Let p(k) be the second derivative of h(k). Give p(0).
-11
Let c(o) be the third derivative of o**5/60 - o**4/6 - 7*o**3/6 - o**2 + 31. Determine c(5).
-2
Let a(m) = 0*m + 1 - 2*m + 3*m. Suppose 4*f + 3*c = -17, 2*f - 6 + 19 = 3*c. What is a(f)?
-4
Let x(t) = -13*t - 5. Let b(z) = 5*z + 2. Let a(q) = -8*b(q) - 3*x(q). What is a(-3)?
2
Let p = 15 - 16. Let t(z) = -11*z. Calculate t(p).
11
Let o(z) = 3*z**2 + 1. Let t be o(1). Let c(b) = t - 4 + 2*b + 4. Let l be (-256)/320 + 2/(-10)*16. What is c(l)?
-4
Let z(b) = b**3 + 6*b**2 + 5*b + 4. Suppose -48 = 5*n - 23. Determine z(n).
4
Suppose -85*o + 4 = -83*o. Let c(j) be the second derivative of -4*j - 1/12*j**4 + 1/6*j**3 - 5*j**o + 0. What is c(0)?
-10
Suppose -2*j + 3*h = 0, -j - 22 = 2*j + h. Let n(t) = -t**2 - 8*t. What is n(j)?
12
Let m(d) = -2*d - 2. Suppose -2*u - 10 + 30 = 0. Let b = -8 + u. Suppose 4 = -0*t + 2*t, -2*h - b = -3*t. Determine m(h).
-6
Let f(y) be the third derivative of y**6/120 - y**5/15 - y**4/24 - 7*y**3/6 - 8*y**2. Determine f(5).
13
Let t(i) be the second derivative of -i**3/6 + 2*i**2 - 2*i. Let q be t(5). Let g = q + 4. Let m(n) = n**2 - 5*n + 4. Determine m(g).
-2
Let x(l) = 2*l**2 + 3*l + 5. Let q(k) = k**2 + k + 2. Let z(w) = -13*q(w) + 6*x(w). Let v be z(6). Let i(g) = 2*g**2 - 2 + g - 3*g + 4*g. Give i(v).
2
Let r(f) = 4*f**3 + f. Let c(n) = -n - 9. Let m be c(-8). Give r(m).
-5
Let m = -26 + 23. Let k(i) = i**2 - 1. What is k(m)?
8
Let n(a) be the third derivative of a**5/60 + 5*a**4/24 + a**3 - 11*a**2. What is n(-4)?
2
Let r(p) be the second derivative of p**3/6 + p**2/2 + 8*p. What is r(4)?
5
Let a(p) = 2*p**2 + 7*p + 5. Let o = 36 + -40. What is a(o)?
9
Suppose -z + 0 - 11 = -3*u, 2*u - 2 = -2*z. Let w(r) = 12*r + 2. Let v(h) = 4*h + 1. Let l(m) = -8*v(m) + 3*w(m). Give l(u).
10
Let f(s) = s**2 - 3*s + 2. Let y = 19 - 0. Let d = y - 16. Give f(d).
2
Let v(u) = 4*u**3 - 1. Let c = -8 - -11. Suppose c*o - h - 5 = -3, 3*h - 4 = -o. What is v(o)?
3
Suppose 5*d - 3 = -2*a - 2, d = 1. Let f(z) be the first derivative of z**2/2 + 3*z - 4. What is f(a)?
1
Suppose -4*x + 4*k - 16 = 2*k, 3*x + 2*k + 26 = 0. Let y(l) = -l**2 - 8*l - 9. What is y(x)?
3
Let z(d) = 2*d**2 + 2*d - 4. Let x(l) be the second derivative of l**4/12 + 7*l**3/3 - 3*l**2/2 + l. Let f be x(-14). What is z(f)?
8
Let i(z) be the second derivative of z**5/20 - 5*z**4/12 - z**3 - z**2/2 - z +